e
Let s = 41 + 20. Suppose 4*i - 63 - s = 0. Is i composite?
False
Let f be 2/(28/6) + 24/(-56). Suppose -5*p - p + 3798 = f. Is p a prime number?
False
Let r(m) be the first derivative of 283*m**2/2 - 13*m + 13. Is r(4) prime?
False
Let h = 34719 + -19960. Is h a composite number?
False
Let w = 1971 + -1338. Suppose -4*q - 69 = -w. Let l = q + 126. Is l a composite number?
True
Suppose -2*b - l = 4*l - 32, 4*b + 4*l = 40. Suppose 2 = -o + b. Suppose -194 = o*p - 534. Is p a composite number?
True
Let m be (-6)/27 + (-4)/(-18). Suppose -3*l + 2*l + 27 = -5*d, 0 = -4*d - 20. Suppose 5*v - l*v - 435 = m. Is v composite?
True
Let q be 6*12/(-27)*3. Is 2/q + (-1047)/(-12) composite?
True
Is (1157836/204)/((-2)/(-6)) prime?
True
Let g(q) = -382*q + 46. Let w be g(-24). Is (-27)/36 + w/8 a composite number?
False
Let b(j) = j + 18. Let a be b(-7). Let y(p) = p**3 - 12*p**2 + 12*p - 9. Let k be y(a). Suppose 0 = -d + k*d - 33. Is d a prime number?
False
Let f(k) = 13*k**2 + 87*k - 64. Let n(b) = -3*b**2 - 22*b + 16. Let z(x) = 2*f(x) + 9*n(x). Is z(-13) prime?
False
Let f = -38 + 46. Suppose 0 = -4*y + f*y - 4. Let r(c) = 543*c - 2. Is r(y) prime?
True
Let l = 24 - 19. Suppose -t + 0 + 4 = 0, l*t = 5*f + 35. Is (2/f)/((-4)/1842) a prime number?
True
Let h = -1745 + 6723. Suppose 5*k + h = 7*k. Suppose 0 = -2*w - 0*v - 2*v + 990, 2*v = 5*w - k. Is w composite?
True
Let c(s) = 3*s**2 - s + 5. Let l = 24 + -31. Is c(l) composite?
True
Suppose 3*q - 5*y = 25554, -308*q + 307*q + 4*y + 8525 = 0. Is q composite?
False
Let p = -12 - -12. Suppose 4*u + p*u - 276 = 0. Suppose -31 = -4*v + u. Is v prime?
False
Let u be (8/(-3))/((-5)/15). Suppose 3*y - 3*l + u*l - 1247 = 0, -4*l = 3*y - 1246. Let p = y - 157. Is p prime?
True
Let z(o) = -2*o**3 - 20*o**2 - 14*o - 9. Is z(-10) composite?
False
Suppose -852896 = -112*y - 69232. Is y a prime number?
True
Let j = 61 + -56. Let k(b) = -b**3 - 6*b**2 + 7*b. Let l be k(-7). Suppose -3*t + 4*a + 385 = l, j*t - 4*a = -9*a + 665. Is t a prime number?
True
Let r(l) = -l - 5. Let t be r(-8). Suppose -2*g + 20 = t*g, 5*b - 6299 = -g. Is b composite?
False
Let v = 30 - 27. Suppose v*b + 3*b + 6 = 0. Is 345 + b/(-1) + -5 composite?
True
Suppose 2*i + 486 = -2*b, -4*i - 982 = -3*b + 2*b. Let v = i - -444. Is v composite?
False
Let p(g) = 14*g**2 - 7*g - 23. Is p(-9) a composite number?
True
Let t(r) = -13*r**3 - 6*r**2 - 3*r - 6. Let g(k) = 7*k**3 + 3*k**2 + 2*k + 3. Let s(x) = -5*g(x) - 2*t(x). Is s(-4) a composite number?
False
Suppose 12*o + 35091 = 13*o + 4*t, -o + 35095 = 2*t. Is o composite?
False
Let y be (-4)/(-8)*-6 + 5. Let a be 6 + y + 2 + 1. Let i(p) = p**3 - 12*p**2 + 12*p + 8. Is i(a) prime?
True
Suppose 0 = 4*t - 527 - 933. Let h = t - -1268. Is h prime?
False
Let m = 137 - 132. Suppose m*z - 2*l - 11281 = -4*l, -3*z = -2*l - 6775. Is z composite?
True
Let o(q) = -36*q - 361. Is o(-55) a prime number?
True
Let u be -1 + (142 - (0 - 1)). Suppose -3*m + u + 167 = 0. Suppose -277 = -3*w - 4*x, 0*w - 4*x + m = w. Is w prime?
False
Let f(c) = 2*c**2 - 8*c - 71. Is f(33) prime?
False
Let w = -4 + 5982. Suppose 5*l - 15318 - w = j, 5*l + 4*j = 21291. Is l prime?
True
Suppose 4 = -t - 0, 5*h + 2*t - 1847 = 0. Let f = -168 + h. Is f prime?
False
Suppose 5*j + 4*d = 85123, -85117 = 60*j - 65*j - d. Is j prime?
False
Suppose -206 = y - 223. Is -6302*(8/52 + y/(-26)) a composite number?
True
Let b(t) = -12 - t**2 - t + 3*t + 13. Let d be b(4). Is (8 + d)/(2/382) prime?
True
Let p(j) = 7*j**3 + 25*j**2 + 62*j - 167. Is p(27) prime?
True
Suppose -c + p - 2 = -5, 14 = 4*c - 2*p. Suppose -5*u + c*u = -6. Is 9/u*318/9 composite?
False
Let j(d) = d - 5 + 2*d + d + 4*d. Is j(8) composite?
False
Let g be 428 + (-6)/3 + 4. Let p = -755 + g. Let j = -126 - p. Is j a composite number?
False
Suppose 13 - 29 = -2*g. Suppose 0*r - p + 2 = -2*r, -3*r = -4*p + g. Is -205*(-1 - r/3) prime?
False
Suppose 0 = -8*g + 3*g + 57295. Is g a composite number?
True
Let r = 8 + -5. Let u(q) = q**3 + 13*q**2 - 12*q + 31. Let h be u(-14). Suppose -5*p + 5*i + 335 = 0, -5*p - r*i + 109 = -h*p. Is p a composite number?
True
Let y(d) = d**2 - 8*d + 1. Let t be y(-4). Suppose 5*l + t = 694. Is l a composite number?
True
Suppose -4*n + 67 = -49. Let y be 3/(3 + 3)*2. Is n + (y - 10/2) composite?
True
Let n = -20 + 45. Let y = 409 - 202. Suppose -y = -4*b + n. Is b a prime number?
False
Let n(w) = 4076*w - 227. Is n(5) a composite number?
True
Let m = -6 - -10. Let p = -2 + m. Suppose 665 = 3*t - 4*y, -3*t + 5*y + 1110 = p*t. Is t a prime number?
True
Let u = -715 + 15948. Is u a prime number?
True
Suppose -298*n + 290*n = -102616. Is n a composite number?
True
Let l(n) = -474*n + 14. Let z be l(4). Let h = 3141 + z. Is h composite?
False
Let r = 8336 + -5409. Is r prime?
True
Suppose -i + 7 = -4*j, 0 = i + 7*j - 3*j + 1. Suppose -o - 3*l + 896 = 0, i*o - 4*l = -o + 3664. Is o a composite number?
False
Let f(r) be the second derivative of r**4/12 + 8*r**3/3 + 6*r**2 - r. Let q be f(-15). Is (0 + q)/1 - -320 composite?
False
Let k be 34/3 - (-2)/(-6). Let h(y) = 4*y**3 - 3*y**2 - 19*y + 31. Is h(k) composite?
False
Let l(x) = 165*x + 4. Let t be ((-5)/5)/(2/(-12)). Let b be l(t). Suppose -1561 - b = -5*d. Is d prime?
False
Let x(z) = 450*z**2 - 1. Is x(-2) prime?
False
Suppose -k + 63 + 13 = 0. Let j = 136 - k. Suppose -x = -3*b + 62, -5*x + 10 = 5*b - j. Is b a prime number?
True
Let i(n) = -28*n. Let k be i(1). Let t = -29 - k. Is (-13 + 131)*t/(-2) a composite number?
False
Let l be 39/6 - (-3)/(-2). Suppose 3*t = 5*i - 205, l*t - 49 = -4*i + 78. Is i composite?
True
Let z(g) = -2*g**2 - 5*g - 18. Let y(o) = -4*o**2 - 10*o - 35. Let f(p) = -6*y(p) + 11*z(p). Is f(-5) a prime number?
True
Suppose 0 = -14*y - 9*y + 147269. Is y composite?
True
Let y(w) = -3*w + 27. Let o(i) = -2*i + 13. Let n(m) = 5*o(m) - 2*y(m). Is n(-5) prime?
True
Suppose 0 = -4*m + 3*m + 1. Let k = m + 2. Is k/15 - (-856)/20 a prime number?
True
Suppose 5365 = 12*b - 37775. Is b composite?
True
Let z(k) = 27*k**2 - 4. Let l(n) = -26*n**2 + 5. Let o(p) = 3*l(p) + 4*z(p). Is o(-4) a prime number?
True
Is 12/20 - (-45524)/10 a composite number?
True
Suppose -2*v = -5*b - 5, -5*v + 2*b = -0*v - 23. Suppose 0 = -4*k + z + 5447, v*z - 4068 = k - 4*k. Is k composite?
False
Let g = 25945 - 3578. Is g prime?
True
Is 2/(-7) + 63360/84 + -5 prime?
False
Let d(n) = -3*n - 24. Let c be d(-9). Suppose 3*x = 3*f + 2007, f + 3361 = c*x + 2*x. Is x composite?
False
Let w be (1*-5)/(30/(-12)). Suppose -4*f = w*a, -5*f = -2*f - a - 10. Is f/(1 - 201/203) composite?
True
Let z(c) = 1. Let m(v) = 5*v**3 - 4*v**2 - 1. Let a(o) = m(o) + 2*z(o). Suppose 73 = 18*u + 1. Is a(u) composite?
False
Let n(q) = 403*q**2 - 45. Is n(7) composite?
True
Let y(i) = 751*i**2 + 2. Let s be y(2). Let u(m) = -6*m**2 + 74*m - 28. Let d be u(12). Is (d/(-6))/(6/s) prime?
False
Suppose m - 4*m - 108 = b, 3*b - 36 = m. Is m/(-60) + (-4664)/(-10) a composite number?
False
Suppose -5*o - 2*z + 7381 = 2*z, 3*o + 3*z = 4428. Let j = -794 + o. Is j a prime number?
True
Let d be (0*(-9)/45)/1. Let t be 1 + (-1 - -1) - -635. Suppose 3*q - 5*h - t = -240, -3*q + 2*h + 387 = d. Is q composite?
False
Let a = 7645 + 5590. Is a prime?
False
Let u = 1270 + -76. Let r be ((-1090)/2 - 0)/1. Let v = u + r. Is v prime?
False
Let t = 12880 - 7671. Is t a prime number?
True
Is (1 + -3)*-1 + (-88088)/(-13) a prime number?
False
Let o(h) = h**2 + 12. Let x be o(10). Suppose -3*s - 4*g + 2681 = x, 2*s - 1731 = g. Is s prime?
True
Suppose 2*v - p + 485 = 0, -2*v - v = -4*p + 735. Let n = -114 - v. Is n a composite number?
False
Let t(l) = -2*l**2 - 5*l + 3. Let x be t(-3). Is 4214 + x + (-12)/4 composite?
False
Let a = -193 - 106. Let p = -193 - a. Is p composite?
True
Suppose 17*s - 6974 = 2223. Is s prime?
True
Is (5/(-2))/(100/(-316280)) a prime number?
True
Let g(n) be the first derivative of -5*n**2/2 - 79*n - 7. Is g(-18) composite?
False
Suppose 0 = -3*p + 8 + 7. Suppose -4 = 2*m, 13994 = -5*x + p*m - 7*m. Is x/(-22) + (-14)/77 prime?
True
Let n = -28258 - -47439. Is n a prime number?
True
Let z be 3/(-3*(-2)/(-4)). Let s = -9 - -18. Let r = s + z. Is r a prime number?
True
Let o = 160585 + -114300. Is o a prime number?
False
Let i be (-60 